4*c. Let q be -15 - (-70)/(-7)*-1. Calculate n(q).
-30
Let p(w) be the second derivative of -w**3/6 - 7*w**2/2 - 70*w. What is p(0)?
-7
Let i(r) be the third derivative of r**4/24 - r**3/6 - 3*r**2. Let a(k) = -7*k + 13. Let v(s) = a(s) + 6*i(s). Let b(g) = g - 2. Let t be b(5). Determine v(t).
4
Let a(i) = i**3 + i**2 - i. Suppose -5*t - 2*c - 2*c + 16 = 0, 0 = 2*t + 4*c - 4. Suppose -4*q = -2*q - 2, -t*q = -5*k + 1. Determine a(k).
1
Let y(l) = l + 16. Let t(r) = 2*r + 30. Let n(c) = -3*t(c) + 5*y(c). What is n(-5)?
-5
Let g(r) = -7*r**3 + 5*r**2 - 3*r - 9. Let m(k) = -15*k**3 + 11*k**2 - 7*k - 19. Let a(q) = 13*g(q) - 6*m(q). Calculate a(2).
-9
Let w(u) = -3*u + 4. Let s(l) = -1. Let f(i) = -s(i) + w(i). Let j be f(3). Let q(o) = o**2 + o - 3. Determine q(j).
9
Suppose -3*u + 8*u = 130. Suppose u*f - 21*f = 10. Let t(i) = i**3 - 2*i**2 + 1. Calculate t(f).
1
Let v = 35 - 28. Suppose -2*n - 2*n + v = -m, -4*m + 17 = -n. Let c(s) = 1 + 4 + s + 0 - n. Determine c(5).
7
Let d(j) = 5*j + 0 - 8*j - 2. Let f(z) = -2*z**3 + z**2 + 3*z - 1. Let a be f(2). Let i(o) = -5*o - 5. Let b(p) = a*d(p) + 3*i(p). Calculate b(-2).
-13
Suppose -s + 15 = -4*z + 8, 4*s = -5*z - 14. Let q(j) = -j + 3. Determine q(z).
5
Suppose -n - 5*q = 20, -2*q = 2*n - 5*q + 1. Let j(l) = l**2 + 4*l. What is j(n)?
5
Let g = -978 + 966. Let i(z) = z + 5. Determine i(g).
-7
Let l(d) = 3*d + 15. Let t(c) = -13*c - 62. Let o(a) = 9*l(a) + 2*t(a). Let x be (-1)/(-1)*9/3. Suppose 3*b + b = -x*r - 9, -b + 5*r - 31 = 0. What is o(b)?
5
Let i(s) = -41 - s**2 + 87 - 47. Let k(d) = -2*d**2 + 7*d - 3. Let b(g) = -3*i(g) + k(g). Give b(-5).
-10
Let i(b) = -25 - 4*b**2 + 5*b**2 + 24 + 6*b**3 - b**3. Let j(a) = a**3 + 4*a**2 - 6*a - 4. Let k be j(-5). Give i(k).
5
Let k(g) = g**3 - 12*g**2 - 12*g - 11. Let w be k(13). Suppose -w*d + 20 - 28 = 0. Let b(l) = 2*l**2 + 5*l - 3. What is b(d)?
9
Let w(c) = -c**2 - 10*c - 1. Let g(t) = t**2 + 22*t + 32. Let o be g(-21). Let b(j) = 2*j**2 - 22*j - 7. Let z be b(o). Calculate w(z).
20
Suppose 45*g - 159 = -69. Let k(r) be the first derivative of 1/2*r**g + 9 + 3*r. What is k(5)?
8
Let q(p) be the second derivative of p**3/6 + 3*p**2/2 - 2*p. Let n be q(-7). Let i(h) = 6*h + 3 + 4*h**2 + 1 - 3*h**2. Calculate i(n).
-4
Suppose q = -2*q. Suppose 4*x + 4*j - 12 = 0, j + q = 3. Let l(z) = -25*z - 26*z - 3 - 22*z + 74*z. Calculate l(x).
-3
Let w(h) be the third derivative of 1/144*h**6 + 0 + 1/120*h**5 + 0*h**3 - h**2 - 5/24*h**4 + 0*h. Let y(c) be the second derivative of w(c). What is y(3)?
16
Let t(i) = -5*i - 3. Let l(n) = n + 1. Let x(j) = 3*l(j) + t(j). Let c be ((-12)/18)/(2/(-3)). What is x(c)?
-2
Let t(j) = -j**3 + 7*j**2 - 2*j + 4. Let r = 564 + -558. What is t(r)?
28
Let o(m) = -m**2 + m + 84. Let c be o(-8). Let b(p) = -p**3 + 11*p**2 + 16*p + 7. What is b(c)?
55
Let j(l) = -l**2 - 2*l + 3. Let w(g) = -4*g**2 + 6*g - 5. Let i be w(1). What is j(i)?
0
Let z(a) = a + 13. Let b(d) = -d**3 + 3*d**2 + 3*d - 2. Let f be b(4). Let o be z(f). Let u = o + -5. Let s(m) = -5*m + 3. Determine s(u).
-7
Suppose 5*n + 0*o = -5*o + 35, 4*o - 14 = 3*n. Let s(r) = -32*r**2 - 7*r + n + 33*r**2 + 2*r. Give s(8).
26
Suppose 42 = -16*g + 9*g. Let q be (-4 + g/(-2))/(4/28). Let y(k) = k**3 + 7*k**2 - k - 2. Determine y(q).
5
Let m(p) = -2*p**3 - 2*p**2 + 2. Suppose 27*z + 26*z + 106 = 0. Give m(z).
10
Let x(p) = 3*p - 14*p**2 + 7*p**2 + 0 + 8*p**2 + 4. Determine x(-3).
4
Let q(n) be the first derivative of -n**4/4 - 2*n**3 + 4*n + 3. Let o be ((70/25)/(-7))/((-2)/(-30)). Calculate q(o).
4
Let j be -5*((-33)/(-55) + (-1 - -1)). Let o(l) = -l - 32*l**3 + 3*l**2 - 28*l**3 - 29*l**3 + 2 + 90*l**3. Give o(j).
5
Let s = 43 + -35. Let b(m) be the second derivative of m**5/60 - 5*m**4/12 + 3*m**3/2 - 2*m**2 + 11*m. Let j(a) be the first derivative of b(a). Determine j(s).
-7
Let c(z) = -z**3 - 7*z**2 - z + 5. Let m be c(-7). Let q = m + -11. Let g(v) = -18*v**2 - q + 13*v**2 - 4 + v**3 - 3*v. Determine g(6).
13
Let m be (2/8)/(246/48 + -5). Let s(n) = n + n + 9 - n + m. Calculate s(-8).
3
Let d(l) = l**3 - 6 - 9 + 16 + 0*l**2 + 4*l**2 + 2*l. Let x be d(-4). Let f(k) = -k - 6. Calculate f(x).
1
Suppose -15*c + 16*c - 3*d + 4 = 0, -2*c + 5*d = 11. Let o(j) = j**3 + 15*j**2 + 25*j - 17. Determine o(c).
-4
Let a(f) be the first derivative of -f**4/4 - 4*f**3/3 + f**2 - 2*f - 130. Let j(q) = q + 1. Let p be j(-6). What is a(p)?
13
Let p(n) = n**2 + 3*n - 1. Let s = -569 + 565. Give p(s).
3
Let y be -8 + 1 - ((-5)/(-1) + -9). Let r(j) = j**3 + 3*j**2 + 3*j + 3. What is r(y)?
-6
Let y(c) = 4*c - 9*c**2 - 3 + c**3 + c**2 + 4*c**2. Determine y(3).
0
Let z be ((-4)/6)/(1/3). Let r be 8 + 1 + z + 5. Suppose i = -i + r. Let f(o) = -4*o + 7. Give f(i).
-17
Let t(f) = 3*f + 1. Suppose -s + 1 = 4. Let j(h) = -2*h - 1. Let a(q) = s*t(q) - 4*j(q). Let y be -10 - ((-4)/4 + -4). What is a(y)?
6
Suppose 5*u - 210 = -10*u. Let i(x) = x**2 - 12*x - 29. Give i(u).
-1
Suppose -2 = 3*d - 4*l + 8*l, -4*l = -5*d + 18. Suppose 2*x + d*x = 0. Let t(a) = -a**2 + 7. Determine t(x).
7
Suppose -3*u + 11 = -2*b, 2*b - 7 + 3 = 0. Let o(n) = -1 - 14*n + 6*n + u*n. Determine o(1).
-4
Let z(b) = -2*b - 12. Suppose 11*c + 320 = 16*c. Let y = -73 + c. What is z(y)?
6
Let z be 10*(0 + -3)*1. Let m be (-50)/(-4)*z/(-25). Let n = m + -12. Let a(l) = l**2 - 3*l + 3. What is a(n)?
3
Let x(i) = 5*i**3 - 2*i**2 + 61*i - 53. Let c(p) = p**3 - p**2 + 15*p - 13. Let l(w) = -9*c(w) + 2*x(w). Calculate l(-7).
4
Let r(u) = -2*u + 13. Let f = 1324 + -1315. Give r(f).
-5
Let p(c) = -c**3 + 6*c**2 + 6*c + 7. Let u = 15 + -8. Let y be p(u). Let f(v) = 1 + 8*v**2 - v - 19*v**2 + 12*v**2. Calculate f(y).
1
Let v(l) = -l**2 - 2*l + 1. Suppose o + 4*b = -13, -3*o - 3*b + 46 - 49 = 0. Calculate v(o).
-14
Let h be -4*1/(-2) - -2. Let q(o) = -5*o + 6*o + h - 3. Calculate q(4).
5
Let d(h) = h**2 - 2*h + 5. Let o be 1 - (-5 - 12/3). Suppose 4*b = 30 - o. Let s(i) = -i**2 + i - 5. Let a(t) = b*d(t) + 6*s(t). Determine a(-5).
-10
Let j = -11361 + 11360. Let y(g) be the first derivative of -g**5/24 - g**4/24 + g**3/3 + 1. Let m(c) be the third derivative of y(c). Calculate m(j).
4
Let x(t) = -4*t - 23. Let n be x(-7). Let b(w) = w**2 - 6*w - 4. Calculate b(n).
-9
Suppose 36 = 3*o + 9. Let w(t) = -72 + 14*t - 15*t + 73. What is w(o)?
-8
Let w(q) be the second derivative of q**3/6 - 3*q**2/2 + 59*q. What is w(-9)?
-12
Let u(t) = 76*t - 6 - 142*t + 67*t. Calculate u(6).
0
Let g(h) = -2 + 2*h + 3*h**2 - 2*h**2 + 3 + 1. Let k = -13 - -10. Let x be (4 + -3)*(k + 1). Determine g(x).
2
Suppose 81*v - 82*v = -33. Suppose -3*u - v + 27 = 0. Let a(k) = 2*k**3 + 3*k**2 - 1. Calculate a(u).
-5
Let x(y) = -y - 2. Let w(s) = -3*s - 5. Suppose 7 = 3*z - 5. Let d(v) = z*w(v) - 11*x(v). Suppose 6 = -3*p + 2*h, 5*p - h - 6 = -3*h. Calculate d(p).
2
Let s be (3 - (-55)/(-20))*36. Suppose 2*o = 3 + 13. Let y = o - s. Let r(l) = -4*l. Calculate r(y).
4
Let t(f) = f + 1. Suppose 10*c = 5*c - 55. Calculate t(c).
-10
Let f(p) be the first derivative of 29*p**4/4 - p**2/2 + p - 3. Calculate f(1).
29
Let o(v) = -6*v**3 - 2*v**2 + 8*v - 5. Let s(f) = f**3 + 2*f**2 + 1. Let y(c) = o(c) + 5*s(c). Give y(9).
-9
Suppose -q - 3 = -4*q. Let y(s) = -14*s**2 - 5*s + 6. Let u(n) = -n**2 + n - 1. Let j(g) = -5*u(g) - y(g). Determine j(q).
18
Let b(t) = -4*t - 1. Suppose 1 = 2*d + f, 0 = d + 5*f - 2*f + 2. Determine b(d).
-5
Let m(w) = -4*w - 2. Let q(i) = 5*i + 1. Let x(a) = -6*m(a) - 5*q(a). Let h be 2 + -2 - 3/(-1). Suppose 1 = -b, h*c - 22 = -2*b + 3*b. Determine x(c).
0
Let o(t) = t**3 - 2*t**2 - 7. Let b be o(3). Let a(h) be the third derivative of 3*h**4/8 - h**3/3 - 32*h**2. What is a(b)?
16
Let w(j) be the second derivative of j**4/12 + j**3 + j**2/2 + 11*j - 3. Give w(-5).
-4
Let c(g) = 6*g - 10. Let f be c(7). Let s(r) = -f + 35 + 4*r + 4*r**2 - 2*r. Give s(-2).
15
Suppose 16 = 3*b - 4*d + 4, 2*b = d + 3. Suppose b = -7*i + 4*i. Let m(z) = -z**2 + z + 1. Calculate m(i).
1
Suppose -6*g = 36 - 186. Let x = -75 + 106. Let f = x - g. Let z(h) = -h**2 + 6*h + 5. Calculate z(f).
5
Let k(c) = -4*c**2 + 5*c - 5. Let m(v) = 3*v**2 - 5*v + 4. Let b(t) = 2*k(t) + 3*m(t). Suppose 8*w - 13 = 19. Calculate b(w).
-2
Let w(l) be the first derivative of l**3/6 + l - 12. Let n(j) be t